(-1380)/(-156) + -9). Calculate the highest common factor of s and 8560.
80
Suppose -3*k + 2*h + 14 = -k, 59 = 5*k + 3*h. Suppose -k*v = 7*v - 68. Let n be (-26)/3*v/((-16)/150). What is the highest common factor of 13 and n?
13
Let f = 108 - 99. Let l be 941/3 - (-1)/3. Let h be l/5 - (-2)/10. Calculate the greatest common divisor of f and h.
9
Let j = 387 + -382. Suppose 2*s - 2 - 147 = -j*q, -5*s + 4*q = -356. Calculate the highest common divisor of 252 and s.
36
Let b(z) = z**2 + 20*z + 91. Let l be b(-14). Let n be 45*l - (-2 - 3). What is the highest common factor of n and 60?
20
Suppose 31 = 4*s - 869. Let r = s - 189. Calculate the highest common divisor of 324 and r.
36
Let a be (-13)/(-13) - 14/(-1). Let g(b) = -3*b + 52. Let u be g(a). What is the highest common divisor of u and 2?
1
Let k = 871 + -794. What is the greatest common factor of k and 297?
11
Let j be 2*(-1)/(-11) + (-538764)/(-2508). What is the greatest common divisor of j and 344?
43
Suppose 2*i = 4*x - 1022, -x + 11*i + 252 = 7*i. What is the greatest common divisor of 560 and x?
16
Suppose -3*m + 186 = 3*m. Suppose 56*n = 8*n + 14828 + 13444. Calculate the highest common divisor of n and m.
31
Let f(v) = v**3 + v**2 + 15*v + 92. Let z be f(12). Calculate the greatest common factor of z and 402.
134
Suppose 3*j + 1 = -2*l + 4, 2*j - 10 = 0. Let c be -3 - (-18)/l - -10. Calculate the greatest common divisor of 1 and c.
1
Suppose -5*d = -5*x + 5350, 1364 = 2*x - 3*d - 775. Calculate the highest common divisor of 1224 and x.
153
Suppose -294 = -r - 3*q, 4*r - 4*q - 1163 - 29 = 0. Calculate the highest common divisor of 198 and r.
99
Let j(w) = -w**3 - 5*w - 13. Let v be j(-2). Suppose v*n - 671 = -5*p - 51, -5*n - 580 = -5*p. Calculate the greatest common factor of 150 and p.
30
Let v(s) = 2738 + 4*s**2 + s**2 - 2778 - 5*s**3. Let n be v(-4). What is the greatest common factor of n and 45?
45
Let k(r) = 2*r**2 - 22*r - 5 - 7*r**2 + 4*r**2. Suppose 2*m + 2*i + 2*i = -22, 2*m + 62 = 4*i. Let v be k(m). What is the highest common factor of 144 and v?
16
Suppose 0 = t - 3*s - 5240, -19*t + 12*s = 8*s - 99295. What is the greatest common divisor of 125 and t?
25
Suppose -2*j - 4 = 0, 2*f - 31 - 79 = -5*j. What is the greatest common divisor of f and 1400?
20
Let a be 12/7*(-143444)/(-327). What is the highest common factor of 5076 and a?
188
Let q be (2/7 + 4758/(-42))*1. Let r = q - -128. Calculate the greatest common factor of 10 and r.
5
Suppose 0 = 2*a - x - 101, -19*x + 17*x = -5*a + 252. What is the greatest common factor of a and 175?
25
Suppose -13*s + 36 = -10*s. Let z be 124 - s/(15/5). Let d = z + -43. What is the highest common divisor of d and 14?
7
Suppose 140*t - 145*t - 20 = 0. Let q be (-466)/t - 23/(-46). Calculate the greatest common divisor of q and 26.
13
Suppose k + b - 277 = 0, 3*b = 5 - 17. Suppose -2*t = c - 199, -9*t + k = -6*t + 5*c. What is the greatest common divisor of 51 and t?
51
Let t be (-10 - (-560)/98)*(-448)/6. Let j = 15 + 25. What is the greatest common factor of t and j?
40
Let q(x) = 5*x - 1. Let a(n) = 10*n - 3. Let h(j) = -2*a(j) + 5*q(j). Let p be h(-4). Let i be p*(-5)/(3 - -2). Calculate the highest common factor of 19 and i.
19
Let x = 2019 - 957. What is the highest common divisor of 486 and x?
18
Suppose 0 = 5*c + 429 - 449. Let h be 152/(c - -2 - 5). Calculate the greatest common factor of h and 19.
19
Let i be (-190)/(-38) - (11 + 0) - 82. Let z be 15/6*i/(-10). Let g be 44/(-6)*-3*4. What is the highest common factor of g and z?
22
Let b be ((-134)/6 - -3)*(132 - 135). What is the greatest common factor of 3103 and b?
29
Suppose -25680 = 56026*g - 56036*g. What is the greatest common divisor of 192 and g?
24
Let n = 102 - 77. Let q = 187 - n. Let a = 280 - 226. What is the greatest common divisor of q and a?
54
Let d = -6119 + 15625. Calculate the greatest common divisor of 28 and d.
14
Suppose 7*n = 5*n - 4*l + 18, -l + 15 = 2*n. Suppose 5*r = n*r - a - 147, 371 = 5*r + a. What is the highest common factor of r and 296?
74
Let l(a) = 2*a**2 + 77*a - 291. Let x be l(-42). What is the highest common divisor of 183 and x?
3
Let o be (7232/24 + 1)/(9/135). Calculate the highest common factor of o and 5.
5
Suppose -h = 2*g - 947, -6 = 2*h - 4. Let v = -279 + g. Calculate the highest common divisor of v and 30.
15
Let w = 10324 - 10261. What is the greatest common divisor of 497 and w?
7
Let u(h) = 20*h**3 - 3*h**2 + 5*h - 2. Suppose 10*b - 53 + 33 = 0. Let c be u(b). Calculate the greatest common factor of c and 12.
12
Suppose 0 = -45*k - 9*k + 360 + 180. What is the greatest common factor of k and 6250?
10
Suppose -4*h - 2696 = 4*p + 348, 4*p = 0. Let f = h - -1112. What is the highest common divisor of 78 and f?
39
Suppose -37*o = 2*v - 33*o - 108, 315 = 5*v - 5*o. Calculate the highest common divisor of 135 and v.
15
Let a(y) = -y**2 - 4*y. Let s(w) = -w**2 - 5*w - 3. Let x(i) = -3*a(i) + 2*s(i). Let r be x(-5). Calculate the greatest common divisor of r and 30.
3
Let h = 44 - 42. Suppose -5*s + 3 = -h, 5*z - 313 = -3*s. What is the highest common factor of z and 2?
2
Let u = 4116 + -3990. What is the greatest common divisor of 476 and u?
14
Suppose 0 = 2*s + 4*r - 30, 2*s - 13 - 7 = -2*r. Calculate the highest common divisor of s and 62.
1
Let q be ((-304)/32)/(1/(-2)). Suppose 0 = y + 16 - q. Suppose 193 = y*f - 5*c, 20 = -3*c - c. Calculate the highest common divisor of f and 28.
28
Suppose 67*r - 65*r + g = 4700, -7052 = -3*r - g. What is the highest common divisor of r and 560?
112
Suppose 0 = -6*q + 9*q - 315 - 756. What is the greatest common divisor of q and 49?
7
Let t be -6*(-9)/(189/1918). Let m be (-7 - t/(-28)) + (-6)/(-14). What is the greatest common factor of m and 1339?
13
Let t(v) = 5094*v**2 - 5*v - 3*v - 5093*v**2 + 24. Let z be t(12). Calculate the highest common divisor of z and 792.
72
Suppose 167*c = 2*c + 63360. Let y be 12 - (2 - 2)/(-1). Calculate the greatest common divisor of y and c.
12
Suppose 8 = 10*f - 9*f. Let k(w) = -w**3 + 19*w**2 - 16*w - 28. Let d = 49 - 31. Let r be k(d). What is the greatest common factor of f and r?
8
Let d(a) = 275*a**3 - 22*a**2 - 4*a - 10. Let n be d(4). Calculate the greatest common factor of 218 and n.
218
Let y(v) be the second derivative of 5/12*v**4 - 4/3*v**3 - 4*v**2 + 20*v + 0 + 1/20*v**5. Let i be y(-5). Calculate the highest common factor of 8 and i.
8
Let j(c) = -c**2 - 17*c - 21. Let y be j(-12). Let r = y + -35. Suppose -34*m - 168 = -40*m. What is the greatest common divisor of m and r?
4
Suppose -10*c + 30096 = 78*c. Suppose -2*v + 3*v - 2*i = 44, -4*v + 2*i + 158 = 0. What is the highest common divisor of v and c?
38
Let b = 3760 - 2525. Calculate the highest common factor of 520 and b.
65
Let y(o) = -o + 9. Suppose -16*a + 11*a = -165. Suppose -9 = -4*f - a. Let j be y(f). Calculate the greatest common factor of j and 120.
15
Let m = -93 - -97. Let q be (440/12)/5*30/m. Calculate the highest common factor of q and 44.
11
Let z(q) = 2*q**2 - 10*q. Let a be z(6). Suppose -a*p = 10*p - 836. Calculate the greatest common divisor of p and 95.
19
Let f = -53 - -60. Suppose g = 15 - f. Calculate the highest common factor of 52 and g.
4
Suppose 1475*r - 1471*r + 4*n = 6704, -4*r - 3*n = -6710. Calculate the highest common divisor of 58 and r.
58
Suppose -100*v + 8*v = -644. Calculate the highest common factor of 1477 and v.
7
Suppose n - 2*t - 65 = 0, -2*n - t - 28 + 153 = 0. Calculate the greatest common factor of n and 721.
7
Let a(u) = 64*u - 6804. Let z be a(108). Calculate the highest common factor of 20628 and z.
108
Suppose 0 = -7*s - 39 + 4. Let c be (s - -2) + (-17)/(0 + 1). Let t be (1*(-4)/3)/(c/150). What is the highest common divisor of 5 and t?
5
Let k be 24/(-21)*(-6 - (-54)/(-12)). Let y(n) = n + 7. Let j be y(-4). Let t be ((-2)/j)/(2/(-144)). Calculate the greatest common factor of t and k.
12
Let l be -8 + (3 - 4)*(-13 + 4). Let t = -2 - -3. Calculate the highest common divisor of l and t.
1
Let f(p) = -57*p - 1070. Let q be f(-45). Calculate the greatest common factor of 230 and q.
115
Let q(d) = d**2 - 51*d - 269. Let u be q(61). What is the greatest common factor of 209 and u?
11
Let g be ((-2)/4*12/15)/((-249)/23655). What is th